{"id":15,"date":"2017-10-22T22:10:27","date_gmt":"2017-10-22T22:10:27","guid":{"rendered":"http:\/\/stiftungylenia.ch\/?page_id=15"},"modified":"2017-10-24T21:18:37","modified_gmt":"2017-10-24T21:18:37","slug":"impressum","status":"publish","type":"page","link":"https:\/\/stiftungylenia.ch\/?page_id=15","title":{"rendered":"Impressum"},"content":{"rendered":"<p><strong>Kontaktadresse<\/strong><br \/>\nStiftung YLENIA<br \/>\nUnterer Imm 10<br \/>\n9050 Appenzell<br \/>\nSchweiz<br \/>\ninfo@stiftungylenia.ch<\/p>\n<p><strong>Vertretungsberechtigte Personen<\/strong><br \/>\nCharlotte Lenhard, VR Pr\u00e4sidentin<br \/>\nPhilipp Lenhard, VR<br \/>\nBruno H\u00f6rler, VR<\/p>\n<p><strong>Handelsregistereintrag<\/strong><br \/>\nEingetragener Firmenname: Stiftung YLENIA<br \/>\nNummer: CH-310.7.001.783-7<\/p>\n<p><strong>Haftung f\u00fcr Links<\/strong><br \/>\nVerweise und Links auf Webseiten Dritter liegen ausserhalb unseres Verantwortungsbereichs. Es wird jegliche Verantwortung f\u00fcr solche Webseiten abgelehnt. Der Zugriff und die Nutzung solcher Webseiten erfolgen auf eigene Gefahr des Nutzers oder der Nutzerin.<\/p>\n","protected":false},"excerpt":{"rendered":"<p>Kontaktadresse Stiftung YLENIA Unterer Imm 10 9050 Appenzell Schweiz info@stiftungylenia.ch Vertretungsberechtigte Personen Charlotte Lenhard, VR Pr\u00e4sidentin Philipp Lenhard, VR Bruno H\u00f6rler, VR Handelsregistereintrag Eingetragener Firmenname: Stiftung YLENIA Nummer: CH-310.7.001.783-7 Haftung f\u00fcr Links Verweise und Links auf Webseiten Dritter liegen ausserhalb unseres Verantwortungsbereichs. Es wird jegliche Verantwortung f\u00fcr solche Webseiten abgelehnt. Der Zugriff und die Nutzung &hellip; <\/p>\n<p class=\"link-more\"><a href=\"https:\/\/stiftungylenia.ch\/?page_id=15\" class=\"more-link\"><span class=\"screen-reader-text\">\u201eImpressum\u201c<\/span> weiterlesen<\/a><\/p>\n","protected":false},"author":1,"featured_media":0,"parent":4,"menu_order":0,"comment_status":"closed","ping_status":"closed","template":"","meta":{"footnotes":""},"_links":{"self":[{"href":"https:\/\/stiftungylenia.ch\/index.php?rest_route=\/wp\/v2\/pages\/15"}],"collection":[{"href":"https:\/\/stiftungylenia.ch\/index.php?rest_route=\/wp\/v2\/pages"}],"about":[{"href":"https:\/\/stiftungylenia.ch\/index.php?rest_route=\/wp\/v2\/types\/page"}],"author":[{"embeddable":true,"href":"https:\/\/stiftungylenia.ch\/index.php?rest_route=\/wp\/v2\/users\/1"}],"replies":[{"embeddable":true,"href":"https:\/\/stiftungylenia.ch\/index.php?rest_route=%2Fwp%2Fv2%2Fcomments&post=15"}],"version-history":[{"count":2,"href":"https:\/\/stiftungylenia.ch\/index.php?rest_route=\/wp\/v2\/pages\/15\/revisions"}],"predecessor-version":[{"id":97,"href":"https:\/\/stiftungylenia.ch\/index.php?rest_route=\/wp\/v2\/pages\/15\/revisions\/97"}],"up":[{"embeddable":true,"href":"https:\/\/stiftungylenia.ch\/index.php?rest_route=\/wp\/v2\/pages\/4"}],"wp:attachment":[{"href":"https:\/\/stiftungylenia.ch\/index.php?rest_route=%2Fwp%2Fv2%2Fmedia&parent=15"}],"curies":[{"name":"wp","href":"https:\/\/api.w.org\/{rel}","templated":true}]}}