{"id":93,"date":"2017-10-24T20:47:24","date_gmt":"2017-10-24T20:47:24","guid":{"rendered":"http:\/\/stiftungylenia.ch\/?page_id=93"},"modified":"2017-10-24T23:05:03","modified_gmt":"2017-10-24T23:05:03","slug":"medienberichte","status":"publish","type":"page","link":"https:\/\/stiftungylenia.ch\/?page_id=93","title":{"rendered":"Medienberichte"},"content":{"rendered":"<p>An dieser Stelle, haben wir einige Medienberichte f\u00fcr Sie zusammengestellt.<\/p>\n<p>&nbsp;<\/p>\n<h1><span style=\"color: #0000ff;\"><strong>KEYSTONE<\/strong><\/span><\/h1>\n<p>August 2017<\/p>\n<h1 class=\"secret-link-title\">Mordfall Ylenia &#8211; Zehn Jahre danach<\/h1>\n<p class=\"secret-link-content\">Appenzell &#8211; 2007 wurde die damals 5 1\/2 j\u00e4hrige Ylenia umgebracht. Der T\u00e4ter, ein Auslandschweizer, plante die Tat zwar, w\u00e4hlte das Opfer aber willk\u00fcrlich aus.Ylenias Mutter, Charlotte Lenhard gr\u00fcndete kurz nach der schrecklichen Tat eine Stiftung. Sie soll helfen anderen Kindern\u00a0Gutes zu tun und Ylenia in Erinnerung zu behalten.<\/p>\n<p class=\"secret-link-content\"><span style=\"color: #3366ff;\"><a href=\"https:\/\/keystone.23video.com\/secret\/18015735\/c7676731aea381735e8a429cce0d6989\">https:\/\/keystone.23video.com\/secret\/18015735\/c7676731aea381735e8a429cce0d6989<\/a><\/span><\/p>\n<h1><span style=\"color: #0000ff;\"><strong>SRF Schweiz Aktuell <\/strong><\/span>vom 3. August 2017<\/h1>\n<p class=\"article-heading\"><strong>\u00abYlenia soll nicht in Vergessenheit geraten\u00bb<\/strong><\/p>\n<p>10 Jahre nach deren Entf\u00fchrung und Ermordung des M\u00e4dchens spricht Mutter Charlotte Lenhard \u00fcber die Erinnerungen.<\/p>\n<p><span style=\"color: #3366ff;\"><a href=\"https:\/\/www.srf.ch\/news\/schweiz\/ylenia-soll-nicht-in-vergessenheit-geraten\">https:\/\/www.srf.ch\/news\/schweiz\/ylenia-soll-nicht-in-vergessenheit-geraten<\/a><\/span><\/p>\n<h1><span style=\"color: #0000ff;\"><strong>Appenzeller Volksfreund<\/strong><\/span><\/h1>\n<div class=\"date\">Mittwoch, 20. Januar 2010<\/div>\n<p><img loading=\"lazy\" decoding=\"async\" class=\"img_left alignnone\" src=\"http:\/\/zeitung.dav.ch\/bilder\/done\/1263906684_web-ylenia_2.jpg\" alt=\"\" width=\"317\" height=\"184\" \/><\/p>\n<h3>Besuch im \u00abYLENIA School Building\u00bb<\/h3>\n<h4>Mirta Ammann besuchte die Schulgemeinde Rissing im Norden der Philippinen<\/h4>\n<p><strong>Mirta Ammann Schefer machte auf ihrer letzten Asienreise mit ihrem Ehemann einen Abstecher nach Rissing, um jenes Schulhaus zu besuchen, das die Stiftung YLENIA finanziert hat. Als Rhythmiklehrerin des M\u00e4dchens war Ammann vertraut mit der kleinen Ylenia Lenhard, die 2007 einem Verbrechen zum Opfer fiel.<\/strong><\/p>\n<p>Im August vergangenen Jahres berichtete der Appenzeller Volksfreund \u00fcber die Einweihung eines Schulhauses, das die Stiftung YLENIA in Rissing im Norden der Philippinen bauen liess. Ein festes Haus mit drei Schulzimmern und stabilem Dach ist entstanden, welches den Unterricht auch bei schlechtem Wetter m\u00f6glich macht.<br \/>\nVon schlechtem Wetter ist die Region inzwischen heimgesucht und schwer gesch\u00e4digt worden. Ein Taifun fegte \u00fcber Rissing hinweg, zerst\u00f6rte Wohnh\u00e4user und setzte das halbe Dorf unter Wasser. In der staatlichen Schule stand es anderthalb Meter hoch. Das \u00abYLENIA School Building\u00bb war in weiser Voraussicht auf einer erh\u00f6hten Plattform gebaut worden. Dennoch stand auch hier in den Schulzimmern das Wasser mehr als knietief. Es sei ein Unwetter gewesen, wie es nur alle dreissig Jahre vorkommt, sagen die Dorfbewohner. Entsprechend gross sind die Sch\u00e4den an den Kulturen. Die Reisfelder um das Dorf gleichen ausger\u00e4umten Kartoffelackern.<br \/>\nGleichwohl lasse sich die Dorfbev\u00f6lkerung nicht unterkriegen, berichtet Mirta Ammann.<\/p>\n","protected":false},"excerpt":{"rendered":"<p>An dieser Stelle, haben wir einige Medienberichte f\u00fcr Sie zusammengestellt. &nbsp; KEYSTONE August 2017 Mordfall Ylenia &#8211; Zehn Jahre danach Appenzell &#8211; 2007 wurde die damals 5 1\/2 j\u00e4hrige Ylenia umgebracht. Der T\u00e4ter, ein Auslandschweizer, plante die Tat zwar, w\u00e4hlte das Opfer aber willk\u00fcrlich aus.Ylenias Mutter, Charlotte Lenhard gr\u00fcndete kurz nach der schrecklichen Tat eine &hellip; <\/p>\n<p class=\"link-more\"><a href=\"https:\/\/stiftungylenia.ch\/?page_id=93\" class=\"more-link\"><span class=\"screen-reader-text\">\u201eMedienberichte\u201c<\/span> weiterlesen<\/a><\/p>\n","protected":false},"author":1,"featured_media":0,"parent":4,"menu_order":0,"comment_status":"closed","ping_status":"closed","template":"","meta":{"footnotes":""},"_links":{"self":[{"href":"https:\/\/stiftungylenia.ch\/index.php?rest_route=\/wp\/v2\/pages\/93"}],"collection":[{"href":"https:\/\/stiftungylenia.ch\/index.php?rest_route=\/wp\/v2\/pages"}],"about":[{"href":"https:\/\/stiftungylenia.ch\/index.php?rest_route=\/wp\/v2\/types\/page"}],"author":[{"embeddable":true,"href":"https:\/\/stiftungylenia.ch\/index.php?rest_route=\/wp\/v2\/users\/1"}],"replies":[{"embeddable":true,"href":"https:\/\/stiftungylenia.ch\/index.php?rest_route=%2Fwp%2Fv2%2Fcomments&post=93"}],"version-history":[{"count":5,"href":"https:\/\/stiftungylenia.ch\/index.php?rest_route=\/wp\/v2\/pages\/93\/revisions"}],"predecessor-version":[{"id":132,"href":"https:\/\/stiftungylenia.ch\/index.php?rest_route=\/wp\/v2\/pages\/93\/revisions\/132"}],"up":[{"embeddable":true,"href":"https:\/\/stiftungylenia.ch\/index.php?rest_route=\/wp\/v2\/pages\/4"}],"wp:attachment":[{"href":"https:\/\/stiftungylenia.ch\/index.php?rest_route=%2Fwp%2Fv2%2Fmedia&parent=93"}],"curies":[{"name":"wp","href":"https:\/\/api.w.org\/{rel}","templated":true}]}}